{"id":7,"date":"2026-01-13T09:16:12","date_gmt":"2026-01-13T08:16:12","guid":{"rendered":"http:\/\/192.168.1.14\/wordpress\/?page_id=7"},"modified":"2026-01-19T12:10:56","modified_gmt":"2026-01-19T11:10:56","slug":"lespace-numerique-des-menuisiers","status":"publish","type":"page","link":"https:\/\/bacpro-elorn.synology.me\/wordpress\/","title":{"rendered":"L&rsquo;Espace Num\u00e9rique des Menuisiers"},"content":{"rendered":"\n<h2 class=\"wp-block-heading has-medium-font-size\"><strong>Bienvenue sur votre portail d\u00e9di\u00e9 \u00e0 la menuiserie et \u00e0 l&rsquo;agencement.<\/strong><\/h2>\n\n\n\n<p class=\"has-text-align-left has-medium-font-size\">Cet espace est con\u00e7u pour vous accompagner de l\u2019atelier \u00e0 la salle de cours. Que vous soyez en <strong>Bac Pro<\/strong> ou en <strong>BTS ERA<\/strong>, vous trouverez ici toutes les ressources n\u00e9cessaires pour r\u00e9ussir vos projets : fiches techniques machines, cours de technologie, dossiers de fabrication et outils de calcul. <\/p>\n\n\n\n<p class=\"has-text-align-left has-medium-font-size\"><br>L&rsquo;objectif est simple : vous permettre d&rsquo;acc\u00e9der \u00e0 l&rsquo;information essentielle, partout et tout le temps. Restez connect\u00e9s, respectez les consignes de s\u00e9curit\u00e9 et cultivez l&rsquo;excellence de notre m\u00e9tier !<\/p>\n","protected":false},"excerpt":{"rendered":"<p>Bienvenue sur votre portail d\u00e9di\u00e9 \u00e0 la menuiserie et \u00e0 l&rsquo;agencement. Cet espace est con\u00e7u pour vous accompagner de l\u2019atelier \u00e0 la salle de cours. Que vous soyez en Bac Pro ou en BTS ERA, vous trouverez ici toutes les ressources n\u00e9cessaires pour r\u00e9ussir vos projets : fiches techniques machines, cours de technologie, dossiers de [&hellip;]<\/p>\n","protected":false},"author":1,"featured_media":0,"parent":0,"menu_order":0,"comment_status":"closed","ping_status":"closed","template":"","meta":{"ocean_post_layout":"","ocean_both_sidebars_style":"","ocean_both_sidebars_content_width":0,"ocean_both_sidebars_sidebars_width":0,"ocean_sidebar":"","ocean_second_sidebar":"","ocean_disable_margins":"enable","ocean_add_body_class":"","ocean_shortcode_before_top_bar":"","ocean_shortcode_after_top_bar":"","ocean_shortcode_before_header":"","ocean_shortcode_after_header":"","ocean_has_shortcode":"","ocean_shortcode_after_title":"","ocean_shortcode_before_footer_widgets":"","ocean_shortcode_after_footer_widgets":"","ocean_shortcode_before_footer_bottom":"","ocean_shortcode_after_footer_bottom":"","ocean_display_top_bar":"default","ocean_display_header":"default","ocean_header_style":"","ocean_center_header_left_menu":"","ocean_custom_header_template":"","ocean_custom_logo":0,"ocean_custom_retina_logo":0,"ocean_custom_logo_max_width":0,"ocean_custom_logo_tablet_max_width":0,"ocean_custom_logo_mobile_max_width":0,"ocean_custom_logo_max_height":0,"ocean_custom_logo_tablet_max_height":0,"ocean_custom_logo_mobile_max_height":0,"ocean_header_custom_menu":"","ocean_menu_typo_font_family":"","ocean_menu_typo_font_subset":"","ocean_menu_typo_font_size":0,"ocean_menu_typo_font_size_tablet":0,"ocean_menu_typo_font_size_mobile":0,"ocean_menu_typo_font_size_unit":"px","ocean_menu_typo_font_weight":"","ocean_menu_typo_font_weight_tablet":"","ocean_menu_typo_font_weight_mobile":"","ocean_menu_typo_transform":"","ocean_menu_typo_transform_tablet":"","ocean_menu_typo_transform_mobile":"","ocean_menu_typo_line_height":0,"ocean_menu_typo_line_height_tablet":0,"ocean_menu_typo_line_height_mobile":0,"ocean_menu_typo_line_height_unit":"","ocean_menu_typo_spacing":0,"ocean_menu_typo_spacing_tablet":0,"ocean_menu_typo_spacing_mobile":0,"ocean_menu_typo_spacing_unit":"","ocean_menu_link_color":"","ocean_menu_link_color_hover":"","ocean_menu_link_color_active":"","ocean_menu_link_background":"","ocean_menu_link_hover_background":"","ocean_menu_link_active_background":"","ocean_menu_social_links_bg":"","ocean_menu_social_hover_links_bg":"","ocean_menu_social_links_color":"","ocean_menu_social_hover_links_color":"","ocean_disable_title":"default","ocean_disable_heading":"default","ocean_post_title":"","ocean_post_subheading":"","ocean_post_title_style":"","ocean_post_title_background_color":"","ocean_post_title_background":0,"ocean_post_title_bg_image_position":"","ocean_post_title_bg_image_attachment":"","ocean_post_title_bg_image_repeat":"","ocean_post_title_bg_image_size":"","ocean_post_title_height":0,"ocean_post_title_bg_overlay":0.5,"ocean_post_title_bg_overlay_color":"","ocean_disable_breadcrumbs":"default","ocean_breadcrumbs_color":"","ocean_breadcrumbs_separator_color":"","ocean_breadcrumbs_links_color":"","ocean_breadcrumbs_links_hover_color":"","ocean_display_footer_widgets":"default","ocean_display_footer_bottom":"default","ocean_custom_footer_template":"","footnotes":""},"class_list":["post-7","page","type-page","status-publish","hentry","entry"],"_links":{"self":[{"href":"https:\/\/bacpro-elorn.synology.me\/wordpress\/index.php\/wp-json\/wp\/v2\/pages\/7","targetHints":{"allow":["GET"]}}],"collection":[{"href":"https:\/\/bacpro-elorn.synology.me\/wordpress\/index.php\/wp-json\/wp\/v2\/pages"}],"about":[{"href":"https:\/\/bacpro-elorn.synology.me\/wordpress\/index.php\/wp-json\/wp\/v2\/types\/page"}],"author":[{"embeddable":true,"href":"https:\/\/bacpro-elorn.synology.me\/wordpress\/index.php\/wp-json\/wp\/v2\/users\/1"}],"replies":[{"embeddable":true,"href":"https:\/\/bacpro-elorn.synology.me\/wordpress\/index.php\/wp-json\/wp\/v2\/comments?post=7"}],"version-history":[{"count":3,"href":"https:\/\/bacpro-elorn.synology.me\/wordpress\/index.php\/wp-json\/wp\/v2\/pages\/7\/revisions"}],"predecessor-version":[{"id":53,"href":"https:\/\/bacpro-elorn.synology.me\/wordpress\/index.php\/wp-json\/wp\/v2\/pages\/7\/revisions\/53"}],"wp:attachment":[{"href":"https:\/\/bacpro-elorn.synology.me\/wordpress\/index.php\/wp-json\/wp\/v2\/media?parent=7"}],"curies":[{"name":"wp","href":"https:\/\/api.w.org\/{rel}","templated":true}]}}